0
Suppose -12 = c - 3*c. Let v = 12 - c. Suppose -462 = 3*p - v*p. Calculate the highest common factor of p and 14.
14
Let j be 146/12 + (1 + -6)/30. Calculate the highest common divisor of j and 96.
12
Let j(f) = 3*f - 3. Let m be j(3). Let r be 68/11 - (-22)/(-121). Calculate the highest common divisor of m and r.
6
Let n = 239 + -89. Suppose 4*x = 6*x - 120. Calculate the greatest common divisor of n and x.
30
Let y = -1 + 2. Let m = -1 + y. Suppose m = -l + 5*l - 64. What is the highest common divisor of 40 and l?
8
Suppose 0 = -4*c - 48 - 68. Let b = -21 - c. Let p(n) = -2*n**3 - 2*n**2 - n. Let d be p(-1). Calculate the greatest common factor of d and b.
1
Let x(k) = -k**3 + 4*k**2 - 3. Let u be x(3). Suppose -5*n + 87 + 133 = 5*h, -4*h + 204 = -3*n. Calculate the greatest common divisor of h and u.
6
Let j be ((-2 - 2)/4)/((-3)/36). Let h(w) = w**3 + w**2 + w + 12. Let c be h(0). What is the greatest common factor of j and c?
12
Let r(z) = 3*z**2 - 3*z - 3. Let l = -7 + 5. Let t be r(l). Let m = -15 + 30. Calculate the greatest common factor of t and m.
15
Let a be 10/45 - (-50)/18. Suppose -23 = -3*u - 8, -a*u + 47 = 4*v. What is the greatest common divisor of 72 and v?
8
Let g(v) = -5*v**2 + 12*v - 9. Let j(f) = -f**2 + f - 1. Let m(a) = -g(a) + 6*j(a). Let r be m(-3). Calculate the highest common divisor of r and 18.
6
Suppose 5*o - 14*o = -3861. Calculate the greatest common factor of 39 and o.
39
Let h be (-177)/(-2)*16/6. Suppose 0 = -3*o + 4*p + h, o = 4*p + 38 + 38. What is the highest common factor of 16 and o?
16
Suppose -3*n + 4*n = 3. Suppose 4*f = -l - 12, -n*l - 6*f - 8 = -f. What is the greatest common factor of 4 and l?
4
Let f = 83 + -55. Calculate the highest common factor of 224 and f.
28
Let c(b) = -7*b + 41. Let f(d) = -4*d + 21. Let y(t) = 3*c(t) - 5*f(t). Let l be y(0). Calculate the greatest common factor of 126 and l.
18
Suppose 2*z + 2*z - 104 = 0. What is the greatest common divisor of 182 and z?
26
Let n be (-3)/((15/2)/(-5)). Suppose -n*b - 37 + 127 = 0. Calculate the greatest common divisor of b and 5.
5
Suppose 5*y + 487 = 2027. Let g = y + -142. Suppose p + 2 = 2*p, 3*p = -5*o + g. Calculate the highest common factor of 8 and o.
8
Let b(s) = 22*s - 26. Let r be b(3). Calculate the greatest common factor of r and 2.
2
Let j = -27 + 32. What is the highest common factor of j and 5?
5
Let d(y) = 9*y - 29. Let t be d(7). Calculate the highest common factor of 17 and t.
17
Let q = -5 + 11. What is the highest common divisor of q and 66?
6
Let k(t) = -t**3 - 4*t**2 - 4*t + 2. Let u(q) = -4*q**2 - q - 1. Let r be u(-1). Let f be k(r). Calculate the highest common factor of f and 198.
18
Let b(h) = -h + 8. Let q be (16/20)/(2/10). Let y be b(q). Suppose -12 = -y*i + 8. Calculate the greatest common divisor of i and 5.
5
Let o(n) = n**2 + 7*n - 8. Let l be o(-8). Let b be 21 - (0 + l/2). What is the greatest common divisor of 147 and b?
21
Suppose -2*w = -4*g - 12, -3*g + 21 = w - 0*g. Calculate the highest common factor of 18 and w.
6
Let l be 82/3 + 2/(-6). Let a(f) = 3*f - 3. Let i be a(4). What is the highest common divisor of l and i?
9
Let u(q) = -3 + q + 33 + 202. Let c be u(0). Calculate the greatest common divisor of 29 and c.
29
Suppose 4 = -4*j + 8. Suppose -z + 40 = 4*z. Calculate the greatest common factor of j and z.
1
Let s = 31 + -20. Calculate the highest common factor of s and 55.
11
Suppose -20 = -4*u - 2*t, 0*u + 3*u - 13 = -t. Let x be (-2)/3 + 32/u. Suppose -2*v = 3*s + 6 - 51, -s = -5. Calculate the greatest common divisor of x and v.
5
Let h = 0 - -1. What is the greatest common divisor of 3 and h?
1
Let p(d) = d**2 + 3*d. Let g be p(-4). What is the greatest common divisor of 16 and g?
4
Let n(d) = d**2 + 9*d - 4. Let i(o) = -o**2 + 3*o + 8. Let u be i(6). Let f be n(u). Calculate the highest common factor of 12 and f.
6
Suppose 2*i = 5*u - 54, 2*i + 24 = 3*u - 2*i. What is the greatest common factor of u and 84?
12
Let p = 2 - -3. Calculate the greatest common factor of 25 and p.
5
Suppose 6 + 4 = 5*t. Let g be (-1 - 2)/((-3)/t). Suppose 4*j - g*w - 10 = 0, -6*j = -j - 2*w - 13. Calculate the greatest common factor of j and 6.
3
Suppose -92 = -4*w + 32. What is the highest common divisor of w and 341?
31
Suppose b + 3 = 0, -2*p + b = -0*b - 33. Calculate the highest common divisor of p and 60.
15
Let k be 45/12*(-16)/(-6). Suppose t + 2*m = 5*t - 326, 0 = -2*m - 6. Calculate the greatest common factor of t and k.
10
Let h be (-8 - -10)/(4/38). Suppose -2*g + h = -125. What is the greatest common factor of g and 9?
9
Suppose -4*d + 376 = -3*p - 771, -3*d = -p - 859. Suppose k = -5*i + 26, 0 = 3*k - k + 5*i - 52. What is the highest common factor of k and d?
26
Let k be -87*(-3 - 0)/3. Let v = k + -41. Let s(p) = 10*p**3 - 4*p**2 + 4*p - 3. Let d be s(2). What is the highest common factor of v and d?
23
Let t(x) = x + 1. Let k be t(10). Calculate the highest common divisor of 11 and k.
11
Let u(g) = -2*g - 3. Let n be u(-3). Suppose 15 = n*v - 2*v. Calculate the greatest common factor of v and 10.
5
Let o(l) = 2*l**2 - 9*l - 1. Let v be o(8). What is the highest common divisor of v and 5?
5
Suppose -v - 245 = -6*v - 4*d, -3*d - 174 = -3*v. Let t = v + -9. Let w = t - -52. What is the highest common divisor of 12 and w?
12
Let k(c) = -28*c + 5. Let x be k(-4). Suppose -x = -5*j + h, j + 2*h - 37 + 7 = 0. Suppose 5*u + 18 = 318. Calculate the greatest common factor of u and j.
12
Let g be (-10*1 - 0) + -3. Let o(l) = -2*l - 2. Let x be o(g). Calculate the highest common factor of 6 and x.
6
Let q = 220 + -150. What is the greatest common factor of q and 14?
14
Let i be ((-4)/3)/((-2)/27). Let w = i + -10. Suppose 4*u - 284 = 2*b, 146 = -0*u + 2*u + b. What is the highest common divisor of u and w?
8
Let w = 3 - -2. Suppose 3*y - 74 = s, -3*y - w*s = -4*s - 82. What is the highest common factor of 52 and y?
26
Let f be 24/11 + (-4)/22. Let d be 2 - f*(0 + -1). Let k = -61 - -101. Calculate the greatest common divisor of d and k.
4
Suppose 8*g - 232 = -0*g. What is the highest common divisor of g and 87?
29
Let y = -26 - -58. What is the highest common divisor of y and 8?
8
Suppose -4*v = -0*v - 132. What is the highest common factor of 11 and v?
11
Suppose 295 = 4*k + 7. Calculate the greatest common factor of k and 8.
8
Let x be ((-32)/10)/((-2)/240). Let w = x + -196. Suppose 0 = -3*d + w - 62. Calculate the highest common divisor of 63 and d.
21
Suppose -4*s + 6 = -2*c - 0, 4*s - 4*c + 4 = 0. Calculate the highest common factor of s and 8.
4
Suppose -20 = -4*k, -4*b - k + 27 = 2. Suppose -4*x + 133 = 5*m, -b*m + 44 + 35 = 2*x. What is the greatest common divisor of x and 108?
27
Let o(b) = -3*b**2 - 2*b - 7. Let k(s) = -8*s**2 - 5*s - 20. Let w(y) = 4*k(y) - 11*o(y). Let a be w(-4). What is the highest common divisor of a and 1?
1
Let j be (-32)/6*(-3)/1. Let a = 10 - j. Let w = 16 + a. What is the greatest common divisor of w and 30?
10
Let b = 5 + -3. Suppose -20 = -2*k - 3*o, b*k - k = -2*o + 11. Let h = 1 + 48. Calculate the greatest common divisor of h and k.
7
Let l be (-745)/(-30) - (-2)/12. Let r be (-15)/l - (-456)/10. What is the highest common factor of r and 30?
15
Let c be ((-8)/(-3))/(-2)*-3. What is the highest common divisor of 20 and c?
4
Suppose -n + 84 = 2*n. Calculate the greatest common divisor of 70 and n.
14
Let r(y) = 7*y + 1 - 1. Let d be r(4). What is the greatest common factor of d and 14?
14
Let p = -81 - -87. What is the highest common divisor of 162 and p?
6
Suppose -3*z - 2*z + 17 = 3*g, -5*g = z - 65. What is the highest common divisor of 42 and g?
14
Let q(r) = 10 - 2 + 5 - 4*r + 3*r. Let g be q(-9). Let c be -1 + 35 - (1 - 0). Calculate the greatest common divisor of c and g.
11
Suppose -5*y - 2*r = -4*r - 7, 2*y + 2*r = 0. Let z be 72/8 + y + -2. Calculate the highest common divisor of z and 8.
8
Let v = 23 + -14. Let w = 11 - 7. Suppose -2*f + 27 = w*b + 1, -f + 4 = b. Calculate the highest common divisor of b and v.
9
Suppose -3*t = 3*j - 2*j - 29, -3*t - 4*j = -17. What is the highest common factor of 121 and t?
11
Let c = -4 - -2. Let z be 10 + -14 - (-27 + -1). Let r be c*3/z*-4. What is the highest common factor of r and 4?
1
Let a(i) = i**3 + 6